se -7*h + 3*h = a - 7, 5*h - 30 = 3*a. Suppose -h*s + 5*s = 5*y - 568, 4*y - 436 = -3*s. List the prime factors of y.
2, 7
Suppose a = -2*v + 1, -3*v + 0*v - a = 0. Let l = -3 + v. What are the prime factors of 1032/52 + l/(-26)?
2, 5
Let z be (-3 + 3)/(8 - 7). Let y(w) be the third derivative of w**4/12 + 38*w**3/3 - 2*w**2. What are the prime factors of y(z)?
2, 19
Suppose 11141 = 3*p - 5*c + 10*c, 3*p = 3*c + 11109. Let n = p - 2636. What are the prime factors of n?
3, 7, 17
Let i = -442 - -442. Suppose -255*p + 265*p - 460 = i. What are the prime factors of p?
2, 23
Suppose -7 + 49 = 14*t. Let l be (t/(-2))/((-21)/70). Suppose -3*j = 2*f - 40, -l*j + 0*f = -f - 84. List the prime factors of j.
2
Let b = 322 + -323. Let t(a) = -1403*a + 17. List the prime factors of t(b).
2, 5, 71
Let r(x) = 344 + 377 - 758 - 2*x - x. List the prime factors of r(-16).
11
Suppose q - 4597 = -5*z, 5*z + 462 - 5071 = -7*q. Let m = z - 250. What are the prime factors of m?
3, 223
Let u = 58288 + -33174. List the prime factors of u.
2, 29, 433
Let l be -2 - ((-44)/10 + 4)*1465. Suppose -3*j = r - l, 5*r + 960 = 2*j + 3*j. Let w = j + 3. What are the prime factors of w?
197
Suppose m + 43 - 19 = 0. Let i = 24 + m. Suppose i = -0*n + 5*n - 140. List the prime factors of n.
2, 7
List the prime factors of (18 - 19)*(4 + -12204)/2.
2, 5, 61
Let m be (2/((-8)/(-1910)))/((-9)/(-18)). Let l = -512 + m. What are the prime factors of l?
443
Let t(o) = -2*o**3 + 13*o**2 + 5*o + 10. Let n be t(7). Let w be 1/(n - (-26)/6). Suppose -w = 4*r - i - 12, -4*i + 2 = 3*r. List the prime factors of r.
2
Let n be (-5*(-24)/90)/(1/2121). List the prime factors of 4*(-4)/((-64)/n).
7, 101
Suppose 716*t = 28624411 + 14126915 - 1165330. List the prime factors of t.
241
Let o be (2 + (-216)/45)*5*-222. Let u = o + -1859. What are the prime factors of u?
1249
Suppose 3*s + 14 = -19. Let v = s - -11. Suppose -o - 14 + 105 = v. What are the prime factors of o?
7, 13
Suppose 0*b + 2*b = 690. Let a = -119 - 47. Let j = a + b. List the prime factors of j.
179
Let p = 12308 - 8776. Let d = -2493 + p. List the prime factors of d.
1039
Let j(i) = -5*i + 48. Let w be j(9). Suppose -3*y - 2*y + 358 = 4*m, w*m = -y + 65. List the prime factors of y.
2, 37
Suppose -g - g + o = -73600, g - 2*o - 36812 = 0. What are the prime factors of g?
2, 9199
Suppose -3*q + 4*q + 5 = 0, -y - 2*q = 3. Suppose 5*s = y + 28. List the prime factors of (13 - 13) + s*1.
7
Let r(h) = 2*h**3 - 14*h**2 - 5*h + 29. Let d = 40 + -31. What are the prime factors of r(d)?
2, 7, 11
Suppose 1006 = 4*x + 4*j - 442, 1448 = 4*x - j. List the prime factors of x.
2, 181
Suppose 2*j - 3 + 1 = 2*s, 5*j - 2*s = 17. Suppose -j*n - n = -18. List the prime factors of (n/3)/(-1 + (-296)/(-294)).
3, 7
Let c(b) = -b**3 + 14*b**2 - 2*b + 17. Let a be c(12). Let w be (-4)/((65/(-741))/(10/(-4))). Let i = w + a. What are the prime factors of i?
167
Let g be (-6)/21 + (69/(-21))/(-1). Suppose -2*c = -2*n - 131 + 467, g*n = 5*c + 510. List the prime factors of n.
3, 5, 11
Let v(n) = 199*n**3 + 5*n**2 + n - 6. Let c be v(2). Suppose 2592 = 1614*b - c*b. List the prime factors of b.
2, 3
Suppose 3282 = -2*z + 11150 + 39488. What are the prime factors of z?
2, 11839
Let f be 1068 + 5 + -7 + (-1 - -5). Let z = -510 + f. List the prime factors of z.
2, 5, 7
Suppose 25 + 5 = 6*q. Suppose q*g = 658 + 57. What are the prime factors of g?
11, 13
Let n be 4/(-3) - 580/87. List the prime factors of (-123)/(-12)*69 + 10/n.
2, 353
Let u(c) = 76*c**2 + 1792*c - 45. What are the prime factors of u(-39)?
3, 31, 491
Let l(i) = i**3 + 2. Let x be l(-3). Let d = x + 29. Suppose -4*w - d*c + 212 = 48, -2*w - 5*c + 67 = 0. What are the prime factors of w?
2, 23
Let r be (-8 - -6)/(1 - 1 - 1). Suppose 3*p - 3*n - 2*n = 2, r*n - 4 = 0. What are the prime factors of (p/2)/((-3)/153)*-2?
2, 3, 17
Suppose 4 = -394*y + 395*y. Suppose -y = 13*l - 11*l, -4*g - 4*l = -1164. What are the prime factors of g?
293
Suppose 1327*t - 1334*t = -224. Suppose -3*a - 19 = -m, -4*m - 4*a = -5*a - t. List the prime factors of m.
7
Suppose 10*q + 1232 = 12*q + 6*o, -o = 4*q - 2508. Suppose 5*n + p - 271 = 361, -5*n + p + q = 0. What are the prime factors of n?
2, 3, 7
Let q(g) = 3*g - 7*g - 53 + 3*g - 6*g. Suppose 12*z - 69 = 15*z. List the prime factors of q(z).
2, 3
Suppose 2*k = -9*k + 352. Suppose 5*t = -0*t + 100. Let z = t + k. What are the prime factors of z?
2, 13
Suppose 4*l = i - 556, 3*l + 4*i = 7*i - 417. List the prime factors of -3 - (45/3)/5*l.
2, 3, 23
Suppose 0 = 84*q - 66813 - 473633 - 63766. List the prime factors of q.
7193
Let r be (1 + (-94)/10)/((-15)/(-50)). What are the prime factors of ((-13560)/(-420))/((-2)/r)?
2, 113
Suppose 0 = 5*m + 2*x, -3*m + 2*x = 2*m + 20. What are the prime factors of m - 2/(-1) - (-772 + -6)?
2, 389
Suppose 20*m - 353 - 47 = 0. Suppose -m*v - 1854 = -6514. What are the prime factors of v?
233
Suppose 14204 = -h + 49985. List the prime factors of h.
3, 11927
Let z = 13 + -20. What are the prime factors of 992 - (-5 - z)/1?
2, 3, 5, 11
Let n(g) = -g**3 + 3*g**2 + 73*g + 64731. List the prime factors of n(0).
3, 21577
Let c = -713 - -271. Let x = 1144 + c. What are the prime factors of x?
2, 3, 13
Let a be (-5)/((-90)/1256) - 8/(-36). Suppose 0 = -4*q - 2 + 6. Suppose -5 = -2*f - q, y = 2*f + a. List the prime factors of y.
2, 37
Let m = -208 - -211. Suppose 2*c = -2*c + 4*p + 1016, 0 = c + m*p - 262. What are the prime factors of c?
2
Suppose 5*f = 2*h - 78, -3*h - 3*f + 74 = -43. Suppose i = -2*i + h. Suppose 15*w - i*w = 124. List the prime factors of w.
2, 31
Let r(b) be the first derivative of 54*b**2 - 57*b - 8. What are the prime factors of r(5)?
3, 7, 23
Let u be ((-2)/6*5)/(31/(-279)). Suppose 0*s + u = 3*s. Suppose -s*t = 3*b - 12, 0 = -5*t - b - 2 + 16. What are the prime factors of t?
3
Let a(y) = -3*y**3 - 4*y**2 - y + 11. Let s be a(-4). Let i(r) = -3*r + 15*r + 4*r**2 - 119 + s. What are the prime factors of i(-8)?
2, 23
Let p = 273 + -696. Let u = p + 1219. List the prime factors of u.
2, 199
Let p(t) = 905*t**2 + 3*t - 4. Suppose -36*r + 8 + 28 = 0. List the prime factors of p(r).
2, 113
Suppose -2*n + o + 7 = 0, 0 = 5*n - 6*o + o - 20. Suppose 23 = d - n*u - 34, 5*d - u = 257. Suppose -4*w + d = -21. What are the prime factors of w?
2, 3
Let q(o) = 4*o**2 + 15*o + 47. Let v be q(15). Suppose 5*l - 2*i = 3666, 4*l + v = 5*i + 4098. List the prime factors of l.
2, 367
Let z = 35529 - 24858. What are the prime factors of z?
3, 3557
Let p be 3/(-9) + 3/9. Suppose p = 4*r - 220 - 1084. Let m = r + -88. What are the prime factors of m?
2, 7, 17
Let m(s) = -25*s + 485. List the prime factors of m(-82).
3, 5, 13
Let a(t) = -5184*t**3 + 3*t**2 - 8*t - 29. List the prime factors of a(-2).
113, 367
Let w = -10278 - -14798. Suppose 61*v - 51*v = w. List the prime factors of v.
2, 113
Let a(r) = 7*r**2 + 27*r. Let w be a(-4). Let b be 4/18 + 100/(-45). What are the prime factors of ((-168)/w)/(-2) - (-3 - b)?
2, 11
Suppose -14*r + 13*r + 29036 = q, 5*r - 116138 = -4*q. What are the prime factors of q?
2, 13, 1117
What are the prime factors of 10*24/200 + 171396/20?
3, 2857
Suppose -2*k = v + v + 6, 0 = v - 3*k + 15. Let s(p) = 2*p**3 + 12*p**2 - 2*p - 2. Let a be s(v). Suppose a*z - 1850 = -0*z. What are the prime factors of z?
5, 37
Let a(g) = -5*g**2 - 49*g - 4. Let o be a(-27). Let q = 3386 + o. List the prime factors of q.
2, 5, 53
Suppose -c + 166 = -5*v, 27*c = 24*c + 5*v + 458. Let x = c + 254. What are the prime factors of x?
2, 5
Let b = 66065 - 38977. What are the prime factors of b?
2, 1693
Let l be (-1 + 21)*(-14)/35. Let u = 7 + l. List the prime factors of -106*(1/3)/(u/3).
2, 53
Suppose -12*q + 13*q - 850 = 0. Suppose 8 = 4*r, 5*m + 2*r - q = 1869. List the prime factors of m.
3, 181
What are the prime factors of -2850*(682/(-55))/((-18)/(-15)) - -5?
5, 43, 137
Let u(s) = -1861*s - 1215. List the prime factors of u(-4).
6229
Suppose -24611 + 123769 = 4*a + 3*h, 0 = 4*a + 5*h - 99154. List the prime factors of a.
13, 1907
Let w be 8 - 12 - (-2 - 36). Suppose -10 = 2*k - w. What are the prime factors of (-2)/(-6) + 1148/k?
2, 3
Let f(i) = 157*i**2 - 2 - 12*i + 47*i**2 + 16*i**2. List the prime factors of f(1).
2, 103
L